+ 2. Let s(k) = -10*k**3. Calculate s(m).
-10
Let n(r) = -2*r + 1. Suppose 4*v = -20 - 28. Let x be 5*(v/5)/(-3). Give n(x).
-7
Let y(i) = -2*i - 1 - 2*i - 2*i. Suppose 5*m = -4 - 1. Calculate y(m).
5
Let l(u) be the first derivative of u**4/4 + 7*u**3/3 - u**2/2 - 3*u + 52. Calculate l(-7).
4
Let p(x) = x**3 + 3*x - 48*x**2 + 53*x**2 + 3 - 4. Determine p(-3).
8
Let o(l) = l**2 - 2*l + 3 - 5*l + 3*l + 2*l. Determine o(3).
6
Let t(c) = -c**3 + 4*c - 3. Let v be t(2). Let g(b) be the third derivative of -b**4/24 + 4*b**2. Determine g(v).
3
Let u(x) be the second derivative of -x**3/6 + 3*x**2/2 - 2*x. Determine u(4).
-1
Suppose -8 = -3*m + 1. Suppose -4*n + m*i = -24, -2*n + 4*i = -0*n - 22. Let l(o) = -o**3 + 2*o**2 + 2*o + 2. Calculate l(n).
-1
Let j be -3 + -1 - (5 - 4). Let w be 3 - (-2 + 1)*1. Let s(x) = w - 3 - 8*x - x**2 + 3*x. Determine s(j).
1
Suppose 5*g = -0*g. Let x(s) be the second derivative of -1/2*s**2 + s + 0 + 1/6*s**3. What is x(g)?
-1
Let r(l) = l + 7. Suppose 4*w - 4 = 5*b, -5*w + 5 = -0*b + 2*b. Suppose b = -y + 2*i - 5, 4*y = 8*y - 4*i + 20. What is r(y)?
2
Let r = -1249/456 - -56/19. Let p(t) be the third derivative of r*t**4 + 0*t + 0 - t**2 - 1/60*t**5 + 1/6*t**3. Calculate p(5).
1
Let f(z) = -7*z**3 + 2*z**2 - 2*z. Let a(s) = 3*s**3 - s**2 + s. Let u(q) = -9*a(q) - 4*f(q). Give u(1).
1
Let a(y) be the third derivative of -23*y**5/60 + y**4/24 - 8*y**2. What is a(-1)?
-24
Suppose 0 = -4*k + 3*g + 19, k - 4 = -g - 1. Let q(l) = -l + k + 3*l**2 - 5 - 5*l**2. Let o be -3 + 4/(8/2). Determine q(o).
-7
Let g(p) = -p + 2. Let i(m) = -1. Let c(w) = -g(w) - i(w). What is c(1)?
0
Let h(c) = c**3 - 4*c**2 + c - 1. Let v(b) = -b**3 - 2*b**2 + 2*b + 4. Let k be v(-4). Let s = 40 - k. Suppose -2*r = r - s. Give h(r).
3
Suppose 0 = -5*r + 3*d - 44, -2*r - 4*d + 2*d = 8. Let t(j) = -j**3 - 8*j**2 - 9*j - 6. Calculate t(r).
8
Let w(x) = 10*x**3 - x**2 + x. Let p(g) = g + 17. Let c be p(-15). Suppose u - 4*a - 9 = 0, u - c = 3*a + 5. Determine w(u).
10
Let z(b) be the second derivative of 5*b + 3/2*b**2 - 5/6*b**3 + 1/12*b**4 + 0. What is z(6)?
9
Let d(k) = -k - 1. Let c be 2/12 - (-62)/(-12). What is d(c)?
4
Suppose 2*c - 3*p - 2 + 1 = 0, -4*c + 4*p + 4 = 0. Let f(t) = t - 2*t**c - 9*t - 4 + t**2 + 0*t**2. Let s(d) = d**2 - 4*d - 5. Let a be s(4). Calculate f(a).
11
Let m(y) = -y + 1. Let n = 12 - 9. Suppose -d + 2*d + 4 = 2*b, 0 = -d - b + 5. Suppose j - n = -d*j. What is m(j)?
0
Suppose 0 = -3*r + 9, -1 = -0*u - 4*u + r. Let d(m) = -2*m**2 + m. Give d(u).
-1
Let z(q) = q**3 - 4*q**2 + 3*q - 1. Suppose 8 = 9*m - 10. Calculate z(m).
-3
Let i(z) = -7*z - 7 - 241*z**2 - 237*z**2 + 479*z**2. Calculate i(6).
-13
Let w(f) = 3*f**2 - 2*f - 3. Let m be w(4). Suppose 0 = -4*x - 3*v - 21, -3*x + 0*v = -2*v + m. Let l be 6/x - (-10)/6. Let n(r) = r - 2. Give n(l).
-1
Let y(l) = -4*l**2 + 0*l**2 + 5*l - 3 + 7 + 3*l**2. Let k be y(5). Suppose -u + 2 = o, -k*o - 5 - 8 = -3*u. Let q(v) = -7*v. What is q(o)?
7
Let u(o) be the first derivative of -o**6/120 - o**5/20 - o**4/6 - o**3/2 - 5*o**2/2 - 6. Let k(b) be the second derivative of u(b). Calculate k(-3).
9
Suppose -4*z - 15 = -7*z, -4*z = h - 23. Let r(p) = -p**3 + 3*p**2 + 2*p + 3. Determine r(h).
9
Let y = -4 - -7. Let c(t) = 0 - y + 2 + t**2 - t. Let g = 11 - 11. Determine c(g).
-1
Let q be (4/7)/((-6)/(-21)). Suppose 5*h = -2*y + 5 - 13, 16 = -4*y + q*h. Let f(w) = 2*w**2 - 6*w**2 + 2*w**2 - 5 - 7*w. Give f(y).
-9
Suppose 2*p = 3*o - 20, -o = -2*o + p + 8. Let n(m) be the first derivative of -m**3/3 + 4*m**2 - 4*m + 2. Determine n(o).
12
Let a(l) = -l**3 + 3*l**2 - 2*l + 5. Let h(c) = c**3 - 6*c**2 + 3*c - 9. Let g(p) = 5*a(p) + 3*h(p). Give g(-2).
4
Let a(p) = -p**3 + p**2 - p + 11. Let u = -8 + 8. What is a(u)?
11
Let v(x) be the third derivative of x**6/120 - x**5/60 + x**3/6 + 2*x**2. Determine v(1).
1
Let s(c) = -3*c - 1 + 2 + 2*c - 5. Give s(-7).
3
Let d(k) = -13*k**2 + 21*k**2 - 7*k**2. What is d(1)?
1
Let s(j) = -j**3 + 4*j**2 - j - 2. Let z(y) = y**2 - 3*y + 4. Let m be z(3). Suppose 2*r - m*r = a - 3, 0 = 3*r - 5*a - 11. What is s(r)?
4
Let y(q) = 4*q**3 - 4*q**2 - 10*q - 18. Let r(s) = 3*s**3 - 3*s**2 - 7*s - 12. Let n(i) = 7*r(i) - 5*y(i). What is n(0)?
6
Let n(t) be the first derivative of 3/2*t**2 - 1/3*t**3 - 7 + t. Calculate n(4).
-3
Let f(u) = -2*u - 4. Let j(g) = g**3 + 5*g**2 + 2*g + 4. Let d be j(-4). Suppose -2 = -2*w + d. Suppose 5*l = -5*k - 10, 5*k = -2*l - 12 - w. What is f(k)?
6
Let u(p) = 7*p**3 - 9*p**2 + 17*p + 3. Let y(l) = 3*l**3 - 5*l**2 + 8*l + 1. Let o(c) = 2*u(c) - 5*y(c). Give o(6).
1
Let j(t) be the third derivative of -11*t**4/24 - 3*t**3 + t**2. Let w(v) = -4*v - 6. Let u(o) = -3*j(o) + 8*w(o). What is u(-6)?
0
Let g(r) = -4*r**2 + 27*r + 10. Let o(x) = -3*x**2 + 18*x + 7. Let c(k) = -5*g(k) + 7*o(k). Determine c(-9).
-1
Let a(q) = q**2 - 6*q - 3. Suppose 3*x = 6 + 12. Give a(x).
-3
Let l(k) = k**2 - 4*k. Let t be 13/4 + (-3)/12. Let o be 103/2 - t/6. Let j be o/9 + (-2)/3. Calculate l(j).
5
Let s(t) = -t**3 - 10*t**2 + 10*t - 6. Let g(j) = j**3 + 6*j**2 - 5*j - 1. Let y be g(-4). Suppose -4 = 5*l + y. Let c be s(l). Let i(f) = -f. Give i(c).
-5
Let l = 4 + -3. Let r(s) = 6*s**2 + 2*s - 6. Let q(o) = 7 - 6 - 9*o**2 - 2*o + 2*o**2 + 6. Let b(j) = -5*q(j) - 6*r(j). What is b(l)?
-2
Let g(u) = u**2 - 7*u. Let t(m) = -2*m - 7. Let c be t(-7). Let l be g(c). Let f(y) = l*y - y - y + 1. What is f(-2)?
5
Suppose 3*x - 4*x - 5 = 0. Let s = -3 - x. Let i(t) = -2*t + 25*t**s - 1 - 25*t**2 + t**3. Give i(-1).
0
Let i be 13/3 - (-6)/(-27)*-3. Let k(y) = -y**2 + 5*y + 3. What is k(i)?
3
Suppose -22 = 2*i - 5*o, -14 = 3*i - 2*o + 8. Let s(m) = -m + 3 - 4 - 2 + 0. Determine s(i).
3
Suppose -3*s + 0*s + 30 = -3*v, 0 = -5*s - 2*v + 22. Let z(j) be the third derivative of -j**4/24 + 2*j**3/3 - 5*j**2. What is z(s)?
-2
Let v(z) be the second derivative of -z**4/12 + 7*z**3/6 - 4*z**2 - 13*z. Let f be 8*(-1)/((-4)/3). What is v(f)?
-2
Suppose 5*p + 25 = 5*n, p + 17 = 8*n - 3*n. Suppose 2*g + 6 - 2 = -3*d, -g - n = 2*d. Suppose -g - 3 = 4*s. Let u(f) = -6*f**3 - f**2 - 2*f - 1. Calculate u(s).
6
Suppose -2*x + 7*x = -25. Let r(h) be the third derivative of h**5/60 + 5*h**4/24 - 2*h**3/3 - 3*h**2. Calculate r(x).
-4
Let l(k) = k**3 + k**2 + 12. Suppose 5*n - n - n = 0. Calculate l(n).
12
Let u(h) = h**3 + 5*h**2 - h - 6. Let i be u(-5). Let x(a) = -1 + 6*a - 8*a - 6*a**3 + a**2 - 2*a**2. Give x(i).
6
Let k(u) = -3*u**3 + 5*u**2 + 4*u - 3. Let a(i) = i**3 - i**2 + i. Let f(n) = -2*a(n) - k(n). Calculate f(4).
-5
Let t(z) = -9 - 6*z + 5*z + 87*z**3 - 9*z**2 - 86*z**3 + 10*z. Calculate t(8).
-1
Let p(z) = 5*z**3 + 5*z**2 + z - 5. Let a(q) = -q**3 - q**2. Let b(g) = -3*g - 3. Let j be b(-3). Let x(y) = j*a(y) + p(y). Determine x(0).
-5
Suppose n = -4*a + 17, 2*n - 18 = -5*a + a. Let x(b) be the third derivative of 0*b - b**2 + 0 - 1/24*b**a - 2/3*b**3. What is x(-3)?
-1
Let f(v) = v**3 - 3*v**2 - 5*v - 2. Suppose 28 = 5*h - 2. Let n = -2 + h. Give f(n).
-6
Let o(m) = -m - 1. Let i be o(-2). Suppose -5*p + 1 = u - i, -p = -u + 2. Let z(f) = -u*f - 3*f**2 + 4*f + 3*f**2 - f**2. Calculate z(4).
-8
Let j(h) = -h - 1. Let u(r) = -3*r - 2. Let c(b) = j(b) - u(b). Let x = 16 - -6. Let d be 4/22 - 48/x. Determine c(d).
-3
Suppose -5*t + 19 = 2*u, 2 - 4 = -t - u. Let p(g) = g**2 - 4*g - 5. What is p(t)?
0
Suppose 22 = 5*y - 2*m, -35 = -4*y - 4*m + 5. Suppose -y*g + 18 = -3*g. Let u(d) = 2*d**3 - 3*d**3 - 4*d**2 - 6*d + 1 + 11*d**2. What is u(g)?
1
Let x(q) = 2*q + 4 + 0 + 2. Calculate x(-5).
-4
Let v(a) be the first derivative of 1/3*a**3 - 7/4*a**4 + 0*a + 7 + 0*a**2. Let r = 0 + 1. Calculate v(r).
-6
Let z be (0 + 1)*(0 - 3). Let v(g) = 2*g**3 - 2*g**3 - g - 2*g - 5*g**2 - g**3 + 2. Calculate v(z).
-7
Suppose x + 31 = 3*x - 5*s, 0 = 5*x - 5*s - 40. Let z(d) = d**2 + 4*d - 1. Determine z(x).
20
Let u(h) be the second derivative of h**3/3 - h**2 + 8*h. Give u(4).
6
Let s(r) = r**2 + r + 6. Let c(v) = -2*v + 26. Let t be c(13). Calculate s(t).
6
Suppose 3*y = -0*y + 9. Let v be (1 - -1)*y/(-6). Let r(i) be the first derivative of 5*i**4/2 - 2*i**3/3 + i + 16. Give r(v).
-11
Let f(o) = o**2. Let v(m) = m**3 - 5*m**2 + 4*m - 4. Let n(z) = -3*f(z) - v(z). Give n(3).
-17
Let f(v) = v - 5. 